/16 - 1). Calculate the highest common factor of 32 and a.
32
Suppose 19*i + 25 = 14*i, 4*y - 2*i + 238 = 0. Let n = y + 113. What is the highest common divisor of n and 1173?
51
Suppose 4*q - 518 = 2*r, 0*q = -3*q + r + 387. Let h = -191 + q. Let m = 74 + h. Calculate the highest common factor of 88 and m.
11
Suppose 2*g = -3*a + 4*g + 194, g = 2. Let x = a + 87. Calculate the highest common divisor of 34 and x.
17
Let d(s) = -s**2 + 68*s + 453. Let g be d(40). Calculate the highest common factor of 715 and g.
143
Let i(q) = q**2 - 13*q + 113. Let d be i(24). What is the greatest common divisor of d and 29?
29
Let u(t) = 29 - t**3 - 58 + 31 - 7*t**2 + 8*t. Let b be u(-8). Suppose b*z = -5*i + 5*z + 99, 0 = -i + z + 21. What is the highest common divisor of 45 and i?
9
Let u be -2 + 4 + 2 - 16. Let x be (-9)/(-4)*2/3*u. Let s be (x + 20)/(1/2 + 0). What is the highest common factor of 44 and s?
4
Let l(f) = 11*f**2 - 8*f - 18. Let c = 180 - 176. Let v be l(c). What is the highest common factor of v and 56?
14
Suppose 6*k - 3*k = 4*p + 562, 764 = 4*k + 2*p. Let f(b) = 2*b**2 + 1. Let x be f(-1). Let o be x*2/(-12)*-20. Calculate the highest common factor of k and o.
10
Let g(y) = 553*y + 1831. Let l be g(-3). Calculate the greatest common factor of 8 and l.
4
Let q be (414 - 10) + 4 + 0. Calculate the highest common divisor of q and 255.
51
Let v(n) = 2183*n - 8. Let f be v(3). Suppose -17*t = 1016 - f. What is the highest common divisor of 130 and t?
65
Suppose 49 = 10*r + 19. Suppose -3*l - 4 = 2*s + 2*l, 3*s + r*l - 3 = 0. Calculate the highest common divisor of 1 and s.
1
Let m be -187*3*(-114)/209. What is the greatest common factor of 1152 and m?
18
Let o(n) = n**3 - 43*n**2 + 67*n - 1045. Let j be o(42). Calculate the greatest common factor of 1090 and j.
5
Let t(z) = -2*z**3 - z**2 - z. Let l(r) = 3*r**3 - 9*r**2 + r - 35. Let c(q) = -l(q) - 2*t(q). Let k be c(-11). What is the highest common factor of k and 216?
24
Let h be (1798/(-93))/((-2)/(-12)*2). Let s = h - -64. Let n be 690/14 + 2 - s/21. What is the greatest common divisor of 153 and n?
51
Let h = -73 - -185. Suppose w + 70 = -5*o + 48, -5*w - 30 = 5*o. Let n be o/(-14)*2*(-56)/(-2). What is the highest common factor of h and n?
16
Suppose 7*j = -27*j + 7514. Calculate the greatest common factor of j and 65.
13
Suppose -2*j + 4*j - 72 = 0. Let h(i) = -i**2 - 9*i + 7. Let o be h(-7). Suppose 159 = u - o. What is the greatest common factor of j and u?
36
Let s(r) = -3*r - 7. Let m(g) = g**3 + 15*g**2 + g - 2. Let c be m(-15). Let x be s(c). What is the highest common divisor of 6 and x?
2
Let t = -109 - -399. Let b = t + -147. Calculate the greatest common factor of 11 and b.
11
Let d = 26505 + -26487. Calculate the greatest common factor of 2352 and d.
6
Suppose 0 = 14*k + 16*k - 18420. Suppose -13*a = -k - 101. Suppose -46 = 4*z - 134. Calculate the highest common divisor of z and a.
11
Suppose 3*h + 5*t + 12 - 70 = 0, 5*h - 82 = -t. Let p = 3092 - 3052. Calculate the greatest common divisor of h and p.
8
Suppose -76156*n - 15000 = -76166*n. Calculate the highest common divisor of n and 480.
60
Let m = -1612 + 1750. What is the greatest common divisor of m and 207?
69
Let p(c) = 30*c**2 + 9*c. Let z be p(-6). Let o = -812 - -866. What is the highest common divisor of o and z?
54
Let n(j) = -j**3 + 17*j**2 + 167*j + 63. Let q be n(24). Calculate the greatest common divisor of q and 23829.
39
Let v = -3385 + 18565. Calculate the greatest common factor of v and 92.
92
Suppose -70*u + 573 = -407. Calculate the highest common factor of u and 5222.
14
Let d = 12209 + -12077. Calculate the highest common factor of d and 5742.
66
Suppose 15*z = 3*t + 11*z + 331, -2*z + 2 = 0. Let h be (6/4)/(-6 + t/(-18)). Calculate the highest common factor of h and 351.
27
Suppose 0 = 15*l - 20 - 40. Let c be (6/9)/(l/24). Suppose 5*w - 515 = -5*q, 4*q + c = 20. Calculate the highest common divisor of 11 and w.
11
Suppose 0*v + 5*v = -4*l - 1845, 4*l = 0. Let c = -25 - v. Let f = 15 - -28. Calculate the highest common factor of f and c.
43
Suppose 4*h - 4228 = 4*r, -4*r - 991 = 5*h - 6303. Calculate the highest common factor of h and 30.
10
Suppose 8*z = 3*z - 3*q - 47, -2*q - 8 = 0. Let p be 23/(-5 + 2 + 11 + z). Calculate the greatest common divisor of 1081 and p.
23
Suppose 7 - 17 = -5*t. Let j(a) = -3*a**2 - 3*a + 2. Let u be j(2). Let y be (u/((-28)/(-7)))/(-2). Calculate the greatest common divisor of t and y.
2
Let v be -20*1*(64/20)/(-8). Suppose 26*k = v*k + 1368. Calculate the greatest common divisor of 608 and k.
76
Suppose -166*n = -159*n - 889. What is the highest common factor of 13589 and n?
127
Let g be (3/(-2))/(-3)*0/(-1). Suppose g = -16*f + 18*f - 200. Calculate the highest common divisor of f and 350.
50
Let b(t) = -116*t + 931. Let u be b(-7). Calculate the highest common divisor of 42 and u.
21
Suppose 3*g + 2*g = 3*a + 243, g = -3*a + 63. What is the greatest common factor of 867 and g?
51
Let k(l) = l**3 - 51*l**2 - 73*l + 79. Let f be k(53). Calculate the greatest common factor of f and 4.
4
Let b(d) = d**3 + 28*d**2 - 80*d + 413. Let l be b(-31). Calculate the highest common factor of 16 and l.
2
Suppose 77*r - 36440 - 1810 = -93*r. What is the highest common factor of 1170 and r?
45
Suppose 29*v = 27*v + 72. Let s be (198/110)/((9/(-60))/(-1)). Calculate the highest common divisor of v and s.
12
Let s = -5078 + 5186. Calculate the highest common factor of s and 1428.
12
Suppose 44 = 3*m + m. Let l be (-56)/252 + (-173)/(-9). Suppose l*s + 3*s - 1210 = 0. What is the greatest common factor of m and s?
11
Let b(t) = 101*t - 1270. Let m be b(13). What is the greatest common divisor of 1591 and m?
43
Suppose t - 5*z = 6*t - 10, -2*z + 6 = 0. Let r be (t + -19)/((-4)/64). What is the highest common divisor of 10 and r?
10
Let o = -410345 + 410583. Let a = 58 - 24. What is the highest common divisor of a and o?
34
Let x be (-1)/(2/245)*(-78 - -80). Let i be (-784)/x + 1/(-5). Calculate the highest common divisor of i and 144.
3
Let l be ((53 - 4)*-1)/(1 - 2). Let w = l + -33. Suppose 13*j - w*j = -42. What is the greatest common divisor of 7 and j?
7
Let n(i) = 1. Let t(f) = 7*f + 89. Let v(c) = 2*n(c) + t(c). Let g be v(14). What is the greatest common factor of g and 7?
7
Let i be 62823/6 - ((-45)/6)/(38 + -41). What is the highest common divisor of 8 and i?
4
Let z(b) = 17*b + 8. Let n be z(3). Suppose -2*k = -8, k + 98 = 2*v - 4*k. Calculate the greatest common divisor of v and n.
59
Suppose 17*b = 1061 + 722 + 4473. What is the greatest common factor of b and 272?
16
Let q be 3/(-12) + 126/(-8). Let a = 6 - q. Let c(m) = m + 62. Let w be c(-7). What is the greatest common divisor of a and w?
11
Let g be ((-93)/21 - (-20)/(-35)) + (-2050)/(-2). Calculate the highest common factor of 240 and g.
60
Let b be (-4)/(-18) + (-48)/(-27). Let n be 2*(15 + -16 - -2). What is the highest common factor of n and b?
2
Let k = -5165 + 9290. Let d be (-9)/21 + k/21. Suppose -l - 18 = -46. Calculate the greatest common factor of d and l.
28
Suppose 19*g + 15 + 270 = 0. Let l be (1/(-2))/(g/390). Let t = 127 - 88. Calculate the greatest common divisor of t and l.
13
Let k(a) = -a**3 + 15*a**2 + 20*a - 4. Let j = -34 - -29. Let f be -5 + (-108)/j + (-6)/10. Let g be k(f). Calculate the greatest common factor of 24 and g.
12
Suppose -216 = -9*l - 81. Suppose -3*r = 73 - 340. Let w = -14 + r. What is the greatest common divisor of l and w?
15
Suppose 0 = 6*g - 2*g - 5*f - 48, 2*g - 2*f - 22 = 0. Let u = -35 - -91. What is the highest common divisor of g and u?
7
Let a be 1797 + -1207 + (-1)/(-2) + (-2)/4. Let m = 154 + -95. Calculate the highest common factor of a and m.
59
Let l(o) be the second derivative of -8*o**3/3 + 11*o**2 + 11*o. Let v be l(7). Let c = 135 + v. What is the highest common factor of c and 30?
15
Let x = -20033 + 20035. What is the greatest common divisor of x and 6334?
2
Suppose -3*r + 2*y = -4*r + 57, 5*y - 111 = -2*r. What is the greatest common divisor of r and 1071?
63
Suppose 785*n - 745*n - 50920 = 0. Calculate the greatest common divisor of n and 536.
67
Suppose -37*b + 64*b = 4320. What is the highest common divisor of b and 4240?
80
Let q(w) = w**2 - 12*w +